5 = 4*z + 337. Let v = 337 + z. Suppose -2*r = 3*i - v - 10, 3*r - 150 = 5*i. Calculate the greatest common factor of r and 11.
11
Let x(p) = -3*p. Let c be x(-1). Suppose c*l = 4 + 8. Let f(m) = -m + 5. Let y be f(l). Calculate the greatest common factor of y and 10.
1
Let r = -43 - -97. Suppose 26*f - 31*f - 756 = -4*l, f = 0. What is the highest common factor of r and l?
27
Let g(j) = 22*j + 96. Let p be g(-4). What is the highest common factor of 7 and p?
1
Suppose -11 - 11 = -22*c. Let n = -3 - -5. Suppose -5*h + 3 + n = 0. Calculate the greatest common factor of h and c.
1
Suppose -3*h = -5*h + 4*n + 124, 0 = 3*h - 2*n - 206. What is the highest common divisor of h and 1656?
72
Let i = 1 - -6. Let t(l) = l**2 + 4*l - 42. Let c be t(i). Calculate the highest common factor of c and 5.
5
Let a(u) = 87 - u + 101 + u**2 + 0*u. Let d be a(0). Calculate the greatest common factor of 47 and d.
47
Let d = 239 - 173. Calculate the highest common divisor of d and 88.
22
Let w be (-21 - -97) + (5 - 16). Calculate the highest common divisor of w and 5.
5
Let o = 13313 - 13305. Let r be (-4)/18 + (-794)/(-9). Calculate the greatest common factor of r and o.
8
Suppose -15*k = -133 + 13. Calculate the greatest common divisor of k and 128.
8
Suppose -2*h - 14 = -0*h. Let d(q) be the first derivative of 2*q**3/3 + 2*q**2 - 4*q + 6. Let m be d(h). What is the highest common factor of m and 44?
22
Let a = -298 - -322. What is the greatest common divisor of 240 and a?
24
Let l(u) be the second derivative of u**5/5 + 17*u**4/6 + 3*u**3/2 - 5*u**2 - 13*u. Let k be l(-8). Calculate the highest common divisor of k and 46.
46
Let k(f) = -f + 1. Let u be k(-1). Suppose -n = 3*b + 8, u*n - b - 5 = -0*n. Suppose 2*t - n = 1. What is the greatest common divisor of 11 and t?
1
Suppose 2*v = -4*s + 92, -3*s - 111 = -13*v + 10*v. What is the highest common factor of 1480 and v?
40
Let g = -993 - -1349. What is the highest common factor of 979 and g?
89
Let z(x) = -15 + x**3 + 17*x + 64*x**2 - x + 40*x**2 - 89*x**2. Let a be z(-13). Calculate the greatest common divisor of a and 23.
23
Suppose 2*r - 3*a = -0*a + 165, 0 = -4*r + 5*a + 333. Let u(b) = -64*b - 70. Let o be u(-2). Calculate the highest common factor of r and o.
29
Let i = -12 - -26. Suppose -3*p = 4*v - v - 78, -5*v + 126 = 3*p. Let g be ((-28)/(-6))/(16/v). Calculate the highest common divisor of g and i.
7
Let h = 8 + 13. Let p = 25 + 59. Calculate the greatest common divisor of h and p.
21
Let n be (1/(-3))/((-60)/4320). What is the greatest common factor of n and 888?
24
Let d = -20 - -3. Let i = d + 29. Calculate the highest common factor of 30 and i.
6
Let x = 24 - 8. Suppose -x = -3*r + k, 0 = -2*r - 11*k + 8*k - 4. Calculate the greatest common factor of r and 12.
4
Suppose -36*r - 117 = -49*r. Calculate the greatest common factor of r and 81.
9
Let h = 303 + -165. Calculate the greatest common divisor of h and 759.
69
Let c(g) = 9*g + 15. Let t be c(12). Suppose 0*x - t = -5*x - 3*b, -4*b + 4 = 0. What is the highest common factor of 12 and x?
12
Let a = 138 - -36. Calculate the highest common divisor of 58 and a.
58
Suppose 26558 = 25*g - 1042. What is the highest common factor of 48 and g?
48
Suppose 5*q - 2*x = 264, -2*x + 145 = 4*q - 59. What is the greatest common factor of q and 1300?
52
Let v = 212 - 140. Calculate the highest common divisor of 54 and v.
18
Suppose -5 = -a - 1. Suppose -196*h + 405*h = 198*h + 88. What is the greatest common divisor of h and a?
4
Suppose -24 = 5*a - 6*a. Let h(z) = 11*z + 36. Let j be h(-3). Calculate the greatest common factor of a and j.
3
Let i(z) = z**2 - 13*z + 16. Let d be i(13). Let q = 26 + d. Let t = -16 + 22. What is the highest common factor of q and t?
6
Let s = -111 - -195. Suppose v = 4*q + 16, 3*v + 4*q = 2*v. Let c be 3/12 + 166/v. Calculate the greatest common factor of s and c.
21
Let u(k) = -k**3 + 27*k**2 + k + 8. Suppose 5*j + 5*w + 0*w - 155 = 0, -5*w - 88 = -4*j. Let o be u(j). Calculate the highest common factor of 7 and o.
7
Suppose -10*z + 3170 = -1120. What is the highest common factor of 33 and z?
33
Suppose -4*m + 1000 = -0*m. Let g be (4/(-2))/(10/(-125)). What is the greatest common factor of g and m?
25
Let f(h) = -114*h - 258. Let o be f(-8). What is the highest common factor of 12 and o?
6
Let c be (-24)/(15/(-4) - (-5 - -2)). Calculate the greatest common factor of 32 and c.
32
Suppose -5*h = -w - 6, -w = 4*h + w - 16. Suppose -26 = -2*v - h. What is the greatest common factor of v and 12?
12
Suppose 15 = -s + 4*s. Suppose -5 = s*y, -5*f = -3*y + 5*y - 63. Let a = 18 - f. Calculate the greatest common divisor of 5 and a.
5
Suppose -4*i = 3*p - 1, i + 4 - 2 = -3*p. Let f = 9 - i. Suppose 4*a - a + 3 = -d, -4*a = d + f. What is the highest common divisor of 3 and d?
3
Let d be 150/(-6)*(-4)/5. Suppose -y = -3*b + 415, 2*y = 5*b + 6*y - 720. What is the highest common factor of b and d?
20
Let d = -50 + 66. Let x = d + 1. What is the highest common factor of 68 and x?
17
Let s(k) = 4*k**3 - k**2 - k - 1. Let f be s(2). Suppose -3*m = y - f, -y = 2*y - 4*m - 36. Calculate the greatest common factor of y and 16.
16
Suppose 0 = -5*q - 2*f + 360, 4*q - 5*f = -q + 395. What is the greatest common factor of 2 and q?
2
Suppose l - 65 = -2*h, h = l - 4*h - 58. Calculate the greatest common factor of 7 and l.
7
Let a be (-136)/(-16)*(5 - -1). Let j be (1 - (-2 + 1)) + 0. Suppose 0*b = j*b - 34. What is the greatest common factor of b and a?
17
Let s = 230 + -211. What is the highest common factor of s and 152?
19
Suppose 71*k - 80 = 304 + 113. Let u = 2 - 1. Calculate the greatest common divisor of u and k.
1
Suppose -17171 = -48*y + 14221. What is the highest common divisor of y and 545?
109
Suppose -224 - 36 = -5*d. Let v(g) = -9*g - 14. Let c be v(-2). What is the greatest common divisor of c and d?
4
Suppose 0 = -7*d + 15*d - 1040. Let c = d + -124. What is the highest common factor of c and 12?
6
Suppose -3*i - 45 = -5*s, 3*i + 5 = 4*i. Let k = -412 + 420. Calculate the greatest common divisor of k and s.
4
Let b = -466 + 543. What is the greatest common divisor of b and 264?
11
Let n(g) = 21*g - 29. Let z be n(5). What is the highest common divisor of 57 and z?
19
Let c(a) = -38*a - 1. Let s be c(-1). Calculate the highest common factor of 592 and s.
37
Let h(a) = 36*a**2 + 3*a. Let f be h(-3). Suppose 60 = 3*l - f. Suppose l - 29 = 2*d. What is the highest common divisor of 72 and d?
24
Suppose -34 - 7 = -p. Let y = p + -21. Let n = 16 - 12. Calculate the greatest common factor of y and n.
4
Suppose -4*s = 3*w - 3687, 2764 = -63*s + 66*s + 2*w. Calculate the greatest common factor of 68 and s.
34
Suppose -2*d + 3*b = -2*b + 3, -2*d - b + 3 = 0. Let t be (d - 5) + 5 - -4. Calculate the highest common divisor of 15 and t.
5
Suppose 2*r + 104 = -3*d, 5*d + r = -r - 180. Let h = d - -68. Let b = -6 + 16. Calculate the greatest common divisor of b and h.
10
Let l(h) = 5*h**2 + 3*h - 2. Let i be l(-4). Let c be 0 - ((-2 - -4) + 251). Let f be c/(-46) - 2/(-4). What is the greatest common factor of f and i?
6
Let c = 224 - 215. What is the greatest common divisor of 45 and c?
9
Let t(r) = -12*r**2 + 3*r - 3. Let k be t(2). Let o = k + 108. What is the highest common divisor of 7 and o?
7
Let w be (-2 - -25) + 6 + -1. Calculate the highest common factor of 16 and w.
4
Let c be (0 - 1*-8) + 1. Suppose 83*g - 105*g = -44. Suppose g*j + c = 3*j. What is the greatest common factor of 27 and j?
9
Let t = 107 - 56. Suppose -20*k = -19*k - 20. Let h be ((-34)/4)/((k/(-8))/5). What is the greatest common divisor of t and h?
17
Suppose 241*z + 800 = 245*z. Calculate the highest common divisor of 250 and z.
50
Let f = 726 + 246. Suppose 0 = -3*n + 12*n - f. What is the highest common divisor of 12 and n?
12
Let z(w) = 3*w**2 - w**3 - 6 + 1 + 4*w**2 + 4*w. Let y be z(6). Let i be -3 + 4 + 23 - (5 - 3). What is the highest common factor of i and y?
11
Let y = -10 + 25. Suppose -4*d - 33 = -h + 56, 2*h - 3*d = 198. Calculate the greatest common divisor of y and h.
15
Suppose -6*g + 8730 = 1080. Calculate the greatest common divisor of 30 and g.
15
Suppose 6*o - 2*o - 3*p = -98, p = -2. Let u = -10 - o. What is the greatest common divisor of u an